9
Calculate the remainder when 2664 is divided by 206.
192
Calculate the remainder when 1012 is divided by 35.
32
What is the remainder when 897 is divided by 18?
15
What is the remainder when 43 is divided by 37?
6
Calculate the remainder when 312 is divided by 58.
22
What is the remainder when 1327 is divided by 14?
11
Calculate the remainder when 2064 is divided by 685.
9
What is the remainder when 441 is divided by 104?
25
Calculate the remainder when 409 is divided by 12.
1
What is the remainder when 255 is divided by 20?
15
Calculate the remainder when 385 is divided by 55.
0
Calculate the remainder when 828 is divided by 53.
33
What is the remainder when 1454 is divided by 146?
140
Calculate the remainder when 4256 is divided by 213.
209
Calculate the remainder when 58209 is divided by 28.
25
Calculate the remainder when 507 is divided by 79.
33
What is the remainder when 393 is divided by 8?
1
What is the remainder when 267 is divided by 16?
11
Calculate the remainder when 50 is divided by 5.
0
What is the remainder when 689 is divided by 115?
114
What is the remainder when 1760 is divided by 292?
8
What is the remainder when 302 is divided by 186?
116
Calculate the remainder when 122 is divided by 37.
11
Calculate the remainder when 382 is divided by 32.
30
What is the remainder when 310 is divided by 63?
58
What is the remainder when 152 is divided by 28?
12
Calculate the remainder when 1798 is divided by 40.
38
What is the remainder when 39 is divided by 6?
3
What is the remainder when 387 is divided by 42?
9
What is the remainder when 326 is divided by 34?
20
Calculate the remainder when 205 is divided by 10.
5
What is the remainder when 213 is divided by 12?
9
Calculate the remainder when 587 is divided by 176.
59
What is the remainder when 10 is divided by 4?
2
What is the remainder when 380 is divided by 377?
3
What is the remainder when 170 is divided by 87?
83
Calculate the remainder when 16998 is divided by 170.
168
What is the remainder when 481 is divided by 104?
65
What is the remainder when 1046 is divided by 259?
10
What is the remainder when 158 is divided by 43?
29
What is the remainder when 349 is divided by 72?
61
What is the remainder when 1315 is divided by 148?
131
Calculate the remainder when 87 is divided by 4.
3
What is the remainder when 162 is divided by 34?
26
Calculate the remainder when 44 is divided by 23.
21
Calculate the remainder when 80 is divided by 32.
16
Calculate the remainder when 991 is divided by 16.
15
Calculate the remainder when 234 is divided by 65.
39
What is the remainder when 859 is divided by 41?
39
Calculate the remainder when 272 is divided by 55.
52
Calculate the remainder when 1780 is divided by 26.
12
What is the remainder when 302 is divided by 53?
37
Calculate the remainder when 2341 is divided by 27.
19
Calculate the remainder when 16399 is divided by 118.
115
Calculate the remainder when 527 is divided by 8.
7
Calculate the remainder when 93 is divided by 21.
9
Calculate the remainder when 931 is divided by 23.
11
What is the remainder when 185 is divided by 28?
17
Calculate the remainder when 514 is divided by 103.
102
Calculate the remainder when 2578 is divided by 287.
282
What is the remainder when 38 is divided by 8?
6
Calculate the remainder when 328 is divided by 55.
53
Calculate the remainder when 138 is divided by 1.
0
What is the remainder when 19 is divided by 4?
3
What is the remainder when 475 is divided by 15?
10
What is the remainder when 114 is divided by 30?
24
Calculate the remainder when 5651 is divided by 36.
35
What is the remainder when 408 is divided by 39?
18
Calculate the remainder when 150 is divided by 52.
46
What is the remainder when 17377 is divided by 5791?
4
What is the remainder when 341 is divided by 17?
1
Calculate the remainder when 2351 is divided by 24.
23
Calculate the remainder when 268 is divided by 57.
40
Calculate the remainder when 119 is divided by 10.
9
What is the remainder when 487 is divided by 128?
103
Calculate the remainder when 623 is divided by 616.
7
What is the remainder when 612 is divided by 28?
24
What is the remainder when 335 is divided by 109?
8
Calculate the remainder when 2386 is divided by 52.
46
Calculate the remainder when 765 is divided by 32.
29
Calculate the remainder when 2595 is divided by 44.
43
Calculate the remainder when 286 is divided by 179.
107
What is the remainder when 16526 is divided by 190?
186
What is the remainder when 376 is divided by 42?
40
Calculate the remainder when 469 is divided by 120.
109
What is the remainder when 196 is divided by 4?
0
Calculate the remainder when 562 is divided by 90.
22
What is the remainder when 725 is divided by 16?
5
What is the remainder when 51 is divided by 25?
1
Calculate the remainder when 1480 is divided by 189.
157
What is the remainder when 243 is divided by 221?
22
What is the remainder when 29 is divided by 18?
11
What is the remainder when 1368 is divided by 12?
0
What is the remainder when 513 is divided by 37?
32
Calculate the remainder when 132 is divided by 34.
30
What is the remainder when 202 is divided by 39?
7
Calculate the remainder when 226 is divided by 86.
54
Calculate the remainder when 713 is divided by 40.
33
What is the remainder when 2990 is divided by 68?
66
What is the remainder when 719 is divided by 7?
5
What is the remainder when 167 is divided by 42?
41
What is the remainder when 623 is divided by 206?
5
What is the remainder when 403 is divided by 122?
37
What is the remainder when 966 is divided by 240?
6
What is the remainder when 760 is divided by 51?
46
What is the remainder when 1519 is divided by 169?
167
Calculate the remainder when 56 is divided by 40.
16
What is the remainder when 344 is divided by 116?
112
Calculate the remainder when 200 is divided by 67.
66
What is the remainder when 289 is divided by 145?
144
Calculate the remainder when 64 is divided by 5.
4
What is the remainder when 1102 is divided by 15?
7
What is the remainder when 199 is divided by 10?
9
What is the remainder when 832 is divided by 69?
4
Calculate the remainder when 204 is divided by 126.
78
What is the remainder when 606 is divided by 38?
36
What is the remainder when 2835 is divided by 325?
235
What is the remainder when 106 is divided by 6?
4
What is the remainder when 3047 is divided by 1522?
3
Calculate the remainder when 710 is divided by 49.
24
Calculate the remainder when 218 is divided by 103.
12
Calculate the remainder when 399 is divided by 197.
5
Calculate the remainder when 158 is divided by 16.
14
Calculate the remainder when 10842 is divided by 12.
6
Calculate the remainder when 93 is divided by 29.
6
What is the remainder when 91 is divided by 77?
14
What is the remainder when 774 is divided by 21?
18
What is the remainder when 3873 is divided by 57?
54
Calculate the remainder when 3546 is divided by 77.
4
Calculate the remainder when 985 is divided by 19.
16
Calculate the remainder when 5232 is divided by 209.
7
Calculate the remainder when 11925 is divided by 8.
5
What is the remainder when 320 is divided by 35?
5
Calculate the remainder when 119 is divided by 41.
37
Calculate the remainder when 139 is divided by 36.
31
What is the remainder when 48 is divided by 7?
6
What is the remainder when 132 is divided by 27?
24
Calculate the remainder when 115 is divided by 20.
15
Calculate the remainder when 260 is divided by 89.
82
What is the remainder when 1408 is divided by 94?
92
What is the remainder when 957 is divided by 21?
12
What is the remainder when 1171 is divided by 7?
2
Calculate the remainder when 234 is divided by 79.
76
What is the remainder when 2427 is divided by 19?
14
Calculate the remainder when 92 is divided by 55.
37
What is the remainder when 248 is divided by 60?
8
Calculate the remainder when 1481 is divided by 13.
12
Calculate the remainder when 441 is divided by 57.
42
Calculate the remainder when 510 is divided by 67.
41
What is the remainder when 101 is divided by 26?
23
What is the remainder when 68 is divided by 17?
0
What is the remainder when 13684 is divided by 118?
114
Calculate the remainder when 1888 is divided by 15.
13
Calculate the remainder when 380 is divided by 7.
2
Calculate the